{"id":519,"date":"2016-02-17T16:35:07","date_gmt":"2016-02-17T16:35:07","guid":{"rendered":"http:\/\/muzickasu.edu.rs\/?page_id=519"},"modified":"2022-10-25T11:57:52","modified_gmt":"2022-10-25T11:57:52","slug":"srpski-muzicki-izvodac-dzez-muzike","status":"publish","type":"page","link":"https:\/\/muzickasu.edu.rs\/index.php\/education\/srpski-srednja-skola\/srpski-muzicki-izvodac-dzez-muzike\/","title":{"rendered":"Muzi\u010dki izvo\u0111a\u010d jazz muzike"},"content":{"rendered":"<p><a href=\"http:\/\/muzickasu.edu.rs\/index.php\/education\/srpski-srednja-skola\/srpski-muzicki-izvodac-dzez-muzike\/informator-dzez-odseka_page-0001-2\/\" rel=\"attachment wp-att-4404\"><img loading=\"lazy\" decoding=\"async\" class=\"aligncenter size-full wp-image-4404\" src=\"http:\/\/muzickasu.edu.rs\/wp-content\/uploads\/2021\/08\/Informator-d\u017eez-odseka_page-0001-1.jpg\" alt=\"\" width=\"1241\" height=\"1755\" srcset=\"https:\/\/muzickasu.edu.rs\/wp-content\/uploads\/2021\/08\/Informator-d\u017eez-odseka_page-0001-1.jpg 1241w, https:\/\/muzickasu.edu.rs\/wp-content\/uploads\/2021\/08\/Informator-d\u017eez-odseka_page-0001-1-212x300.jpg 212w, https:\/\/muzickasu.edu.rs\/wp-content\/uploads\/2021\/08\/Informator-d\u017eez-odseka_page-0001-1-724x1024.jpg 724w, https:\/\/muzickasu.edu.rs\/wp-content\/uploads\/2021\/08\/Informator-d\u017eez-odseka_page-0001-1-768x1086.jpg 768w, https:\/\/muzickasu.edu.rs\/wp-content\/uploads\/2021\/08\/Informator-d\u017eez-odseka_page-0001-1-1086x1536.jpg 1086w, https:\/\/muzickasu.edu.rs\/wp-content\/uploads\/2021\/08\/Informator-d\u017eez-odseka_page-0001-1-106x150.jpg 106w\" sizes=\"auto, (max-width: 1241px) 100vw, 1241px\" \/><\/a><\/p>\n<p><a href=\"http:\/\/muzickasu.edu.rs\/index.php\/education\/srpski-srednja-skola\/srpski-muzicki-izvodac-dzez-muzike\/informator-dzez-odseka_page-0002-2\/\" rel=\"attachment wp-att-4405\"><img loading=\"lazy\" decoding=\"async\" class=\"aligncenter size-full wp-image-4405\" src=\"http:\/\/muzickasu.edu.rs\/wp-content\/uploads\/2021\/08\/Informator-d\u017eez-odseka_page-0002-1.jpg\" alt=\"\" width=\"1241\" height=\"1755\" srcset=\"https:\/\/muzickasu.edu.rs\/wp-content\/uploads\/2021\/08\/Informator-d\u017eez-odseka_page-0002-1.jpg 1241w, https:\/\/muzickasu.edu.rs\/wp-content\/uploads\/2021\/08\/Informator-d\u017eez-odseka_page-0002-1-212x300.jpg 212w, https:\/\/muzickasu.edu.rs\/wp-content\/uploads\/2021\/08\/Informator-d\u017eez-odseka_page-0002-1-724x1024.jpg 724w, https:\/\/muzickasu.edu.rs\/wp-content\/uploads\/2021\/08\/Informator-d\u017eez-odseka_page-0002-1-768x1086.jpg 768w, https:\/\/muzickasu.edu.rs\/wp-content\/uploads\/2021\/08\/Informator-d\u017eez-odseka_page-0002-1-1086x1536.jpg 1086w, https:\/\/muzickasu.edu.rs\/wp-content\/uploads\/2021\/08\/Informator-d\u017eez-odseka_page-0002-1-106x150.jpg 106w\" sizes=\"auto, (max-width: 1241px) 100vw, 1241px\" \/><\/a><\/p>\n<p><a href=\"http:\/\/muzickasu.edu.rs\/index.php\/education\/srpski-srednja-skola\/srpski-muzicki-izvodac-dzez-muzike\/informator-dzez-odseka_page-0003-2\/\" rel=\"attachment wp-att-4406\"><img loading=\"lazy\" decoding=\"async\" class=\"aligncenter size-full wp-image-4406\" src=\"http:\/\/muzickasu.edu.rs\/wp-content\/uploads\/2021\/08\/Informator-d\u017eez-odseka_page-0003-1.jpg\" alt=\"\" width=\"1241\" height=\"1755\" srcset=\"https:\/\/muzickasu.edu.rs\/wp-content\/uploads\/2021\/08\/Informator-d\u017eez-odseka_page-0003-1.jpg 1241w, https:\/\/muzickasu.edu.rs\/wp-content\/uploads\/2021\/08\/Informator-d\u017eez-odseka_page-0003-1-212x300.jpg 212w, https:\/\/muzickasu.edu.rs\/wp-content\/uploads\/2021\/08\/Informator-d\u017eez-odseka_page-0003-1-724x1024.jpg 724w, https:\/\/muzickasu.edu.rs\/wp-content\/uploads\/2021\/08\/Informator-d\u017eez-odseka_page-0003-1-768x1086.jpg 768w, https:\/\/muzickasu.edu.rs\/wp-content\/uploads\/2021\/08\/Informator-d\u017eez-odseka_page-0003-1-1086x1536.jpg 1086w, https:\/\/muzickasu.edu.rs\/wp-content\/uploads\/2021\/08\/Informator-d\u017eez-odseka_page-0003-1-106x150.jpg 106w\" sizes=\"auto, (max-width: 1241px) 100vw, 1241px\" \/><\/a><\/p>\n<p><a href=\"http:\/\/muzickasu.edu.rs\/index.php\/education\/srpski-srednja-skola\/srpski-muzicki-izvodac-dzez-muzike\/informator-dzez-odseka_page-0004-2\/\" rel=\"attachment wp-att-4407\"><img loading=\"lazy\" decoding=\"async\" class=\"aligncenter size-full wp-image-4407\" src=\"http:\/\/muzickasu.edu.rs\/wp-content\/uploads\/2021\/08\/Informator-d\u017eez-odseka_page-0004-1.jpg\" alt=\"\" width=\"1241\" height=\"1755\" srcset=\"https:\/\/muzickasu.edu.rs\/wp-content\/uploads\/2021\/08\/Informator-d\u017eez-odseka_page-0004-1.jpg 1241w, https:\/\/muzickasu.edu.rs\/wp-content\/uploads\/2021\/08\/Informator-d\u017eez-odseka_page-0004-1-212x300.jpg 212w, https:\/\/muzickasu.edu.rs\/wp-content\/uploads\/2021\/08\/Informator-d\u017eez-odseka_page-0004-1-724x1024.jpg 724w, https:\/\/muzickasu.edu.rs\/wp-content\/uploads\/2021\/08\/Informator-d\u017eez-odseka_page-0004-1-768x1086.jpg 768w, https:\/\/muzickasu.edu.rs\/wp-content\/uploads\/2021\/08\/Informator-d\u017eez-odseka_page-0004-1-1086x1536.jpg 1086w, https:\/\/muzickasu.edu.rs\/wp-content\/uploads\/2021\/08\/Informator-d\u017eez-odseka_page-0004-1-106x150.jpg 106w\" sizes=\"auto, (max-width: 1241px) 100vw, 1241px\" \/><\/a><\/p>\n<p><a href=\"http:\/\/muzickasu.edu.rs\/index.php\/education\/srpski-srednja-skola\/srpski-muzicki-izvodac-dzez-muzike\/informator-dzez-odseka_page-0005-2\/\" rel=\"attachment wp-att-4408\"><img loading=\"lazy\" decoding=\"async\" class=\"aligncenter size-full wp-image-4408\" src=\"http:\/\/muzickasu.edu.rs\/wp-content\/uploads\/2021\/08\/Informator-d\u017eez-odseka_page-0005-1.jpg\" alt=\"\" width=\"1241\" height=\"1755\" srcset=\"https:\/\/muzickasu.edu.rs\/wp-content\/uploads\/2021\/08\/Informator-d\u017eez-odseka_page-0005-1.jpg 1241w, https:\/\/muzickasu.edu.rs\/wp-content\/uploads\/2021\/08\/Informator-d\u017eez-odseka_page-0005-1-212x300.jpg 212w, https:\/\/muzickasu.edu.rs\/wp-content\/uploads\/2021\/08\/Informator-d\u017eez-odseka_page-0005-1-724x1024.jpg 724w, https:\/\/muzickasu.edu.rs\/wp-content\/uploads\/2021\/08\/Informator-d\u017eez-odseka_page-0005-1-768x1086.jpg 768w, https:\/\/muzickasu.edu.rs\/wp-content\/uploads\/2021\/08\/Informator-d\u017eez-odseka_page-0005-1-1086x1536.jpg 1086w, https:\/\/muzickasu.edu.rs\/wp-content\/uploads\/2021\/08\/Informator-d\u017eez-odseka_page-0005-1-106x150.jpg 106w\" sizes=\"auto, (max-width: 1241px) 100vw, 1241px\" \/><\/a><\/p>\n<p><a href=\"http:\/\/muzickasu.edu.rs\/index.php\/education\/srpski-srednja-skola\/srpski-muzicki-izvodac-dzez-muzike\/informator-dzez-odseka_page-0006-2\/\" rel=\"attachment wp-att-4409\"><img loading=\"lazy\" decoding=\"async\" class=\"aligncenter size-full wp-image-4409\" src=\"http:\/\/muzickasu.edu.rs\/wp-content\/uploads\/2021\/08\/Informator-d\u017eez-odseka_page-0006-1.jpg\" alt=\"\" width=\"1241\" height=\"1755\" srcset=\"https:\/\/muzickasu.edu.rs\/wp-content\/uploads\/2021\/08\/Informator-d\u017eez-odseka_page-0006-1.jpg 1241w, https:\/\/muzickasu.edu.rs\/wp-content\/uploads\/2021\/08\/Informator-d\u017eez-odseka_page-0006-1-212x300.jpg 212w, https:\/\/muzickasu.edu.rs\/wp-content\/uploads\/2021\/08\/Informator-d\u017eez-odseka_page-0006-1-724x1024.jpg 724w, https:\/\/muzickasu.edu.rs\/wp-content\/uploads\/2021\/08\/Informator-d\u017eez-odseka_page-0006-1-768x1086.jpg 768w, https:\/\/muzickasu.edu.rs\/wp-content\/uploads\/2021\/08\/Informator-d\u017eez-odseka_page-0006-1-1086x1536.jpg 1086w, https:\/\/muzickasu.edu.rs\/wp-content\/uploads\/2021\/08\/Informator-d\u017eez-odseka_page-0006-1-106x150.jpg 106w\" sizes=\"auto, (max-width: 1241px) 100vw, 1241px\" \/><\/a><\/p>\n<p>&nbsp;<\/p>\n<p><em>\u266a Kako upisati obrazovni profil muzi\u010dkog izvo\u0111a\u010da &#8211; d\u017eez muzika?<\/em><\/p>\n<p>Svaki u\u010denik koji zavr\u0161i osnovnu muzi\u010dku \u0161kolu mo\u017ee da pola\u017ee prijemni ispit za ovaj obrazovni profil. Postoji mogu\u0107nost upisa i bez prethodno zavr\u0161ene osnovne muzi\u010dke \u0161kole ili sa nepotpunom osnovnom muzi\u010dkom \u0161kolom. U tom slu\u010daju se prvo pola\u017ee ispit za <strong>nivo osnovnog muzi\u010dkog<\/strong> obrazovanja (diferencijalni ispit), po programu za osnovnu muzi\u010dku \u0161kolu.<br \/>\n\u0160kola svake godine organizuje <a href=\"http:\/\/muzickasu.edu.rs\/index.php\/2020\/02\/04\/srpski-besplatna-pripremna-nastava-za-buduce-ucenike-srednje-muzicke-skole-subotica\/?lang=rs\">pripreme za prijemni ispit<\/a> iz solfe\u0111a i teorije muzike. Informacije mo\u017eete dobiti telefonskim putem od slu\u017ebe za u\u010deni\u010dka pitanja ili na web stranici \u0161kole.<br \/>\nPrijemni ispit obuhvata dva predmeta, a to su:<br \/>\n\u2022 glavni predmet (instrument ili d\u017eez pevanje) i<br \/>\n\u2022 solfe\u0111o.<\/p>\n<p>&nbsp;<\/p>\n<p><em>\u266a Koje su karakteristike obrazovnog profila muzi\u010dki izvo\u0111a\u010d &#8211; d\u017eez muzika?<\/em><\/p>\n<p>\u0160kolovanje na ovom obrazovnom profilu u srednjoj muzi\u010dkoj \u0161koli traje \u010detiri godine.<\/p>\n<p>Glavni predmet je jedan od <strong>d\u017eez instrumenata ili d\u017eez pevanje<\/strong>, za koji je u\u010denik polo\u017eio prijemni ispit.<br \/>\nNa ovom obrazovnom profilu mogu se izu\u010davati slede\u0107i instrumenti:<br \/>\n\u2022 klavir<br \/>\n\u2022 gitara<br \/>\n\u2022 bas gitara<br \/>\n\u2022 kontrabas<br \/>\n\u2022 saksofon i klarinet<br \/>\n\u2022 truba<br \/>\n\u2022 trombon<br \/>\n\u2022 pevanje<br \/>\n\u2022 bubnjevi<\/p>\n<p style=\"text-align: justify;\">Tokom \u0161kolovanja u\u010denici, sem glavnog predmeta, izu\u010davaju i u\u017eestru\u010dne predmete, a to su: mali ansambli, d\u017eez teorija sa solfe\u0111om (razvijanje sluha), aran\u017eiranje, big bend, udara\u010dki instrumenti, istorija d\u017eez muzike i stru\u010dne teoretske predmete, kao \u0161to su: solfe\u0111o, harmonija, kontrapunkt, istorija muzike, itd. Svojim ume\u0107em sviranja imaju prilike da se poka\u017eu kao solisti, kamerni muzi\u010dari ili orkestarski muzi\u010dari. U\u010denici nastupaju na mnogobrojnim koncertima \u0160kole, na gradskim manifestacijama ili takmi\u010denjima \u0161irom zemlje i u inostranstvu.<\/p>\n<p>&nbsp;<\/p>\n<p><em>\u266a Koje su mogu\u0107nosti nakon zavr\u0161ene srednje \u0161kole?<\/em><\/p>\n<p>Uspe\u0161nim polaganjem maturskog ispita u\u010denik sti\u010de zvanje:<br \/>\n<strong>muzi\u010dki izvo\u0111a\u010d &#8211; d\u017eez muzika<\/strong>.<br \/>\nU toku zavr\u0161nog razreda pripremaju se za prijemni ispit na visoko\u0161kolskim ustanovama: Fakultet muzi\u010dke umetnosti u Beogradu, ili u inostranstvu.<br \/>\nStudenti d\u017eez instrumenta nakon zavr\u0161enih master studija, mogu da budu profesionalni izvo\u0111a\u010di \u2013 solisti ili \u010dlanovi kamernih grupa, d\u017eez orkestara, big bendova. Tako\u0111e, postoji mogu\u0107nost i da se opredele za pedago\u0161ki rad.<\/p>","protected":false},"excerpt":{"rendered":"<p>&nbsp; \u266a Kako upisati obrazovni profil muzi\u010dkog izvo\u0111a\u010da &#8211; d\u017eez muzika? Svaki u\u010denik koji zavr\u0161i osnovnu muzi\u010dku \u0161kolu mo\u017ee da pola\u017ee prijemni ispit za ovaj obrazovni profil. Postoji mogu\u0107nost upisa i bez prethodno zavr\u0161ene osnovne muzi\u010dke \u0161kole ili sa nepotpunom osnovnom muzi\u010dkom \u0161kolom. U tom slu\u010daju se prvo pola\u017ee ispit\u2026<\/p>\n<p class=\"continue-reading-button\"> <a class=\"continue-reading-link\" href=\"https:\/\/muzickasu.edu.rs\/index.php\/education\/srpski-srednja-skola\/srpski-muzicki-izvodac-dzez-muzike\/\">Nastavite sa \u010ditanjem<i class=\"crycon-right-dir\"><\/i><\/a><\/p>\n","protected":false},"author":2,"featured_media":0,"parent":178,"menu_order":3,"comment_status":"closed","ping_status":"closed","template":"","meta":{"footnotes":""},"class_list":["post-519","page","type-page","status-publish","hentry"],"_links":{"self":[{"href":"https:\/\/muzickasu.edu.rs\/index.php\/wp-json\/wp\/v2\/pages\/519","targetHints":{"allow":["GET"]}}],"collection":[{"href":"https:\/\/muzickasu.edu.rs\/index.php\/wp-json\/wp\/v2\/pages"}],"about":[{"href":"https:\/\/muzickasu.edu.rs\/index.php\/wp-json\/wp\/v2\/types\/page"}],"author":[{"embeddable":true,"href":"https:\/\/muzickasu.edu.rs\/index.php\/wp-json\/wp\/v2\/users\/2"}],"replies":[{"embeddable":true,"href":"https:\/\/muzickasu.edu.rs\/index.php\/wp-json\/wp\/v2\/comments?post=519"}],"version-history":[{"count":18,"href":"https:\/\/muzickasu.edu.rs\/index.php\/wp-json\/wp\/v2\/pages\/519\/revisions"}],"predecessor-version":[{"id":4965,"href":"https:\/\/muzickasu.edu.rs\/index.php\/wp-json\/wp\/v2\/pages\/519\/revisions\/4965"}],"up":[{"embeddable":true,"href":"https:\/\/muzickasu.edu.rs\/index.php\/wp-json\/wp\/v2\/pages\/178"}],"wp:attachment":[{"href":"https:\/\/muzickasu.edu.rs\/index.php\/wp-json\/wp\/v2\/media?parent=519"}],"curies":[{"name":"wp","href":"https:\/\/api.w.org\/{rel}","templated":true}]}}