{"id":1123,"date":"2016-04-22T15:30:16","date_gmt":"2016-04-22T15:30:16","guid":{"rendered":"http:\/\/muzickasu.edu.rs\/?page_id=1123"},"modified":"2018-04-18T15:12:33","modified_gmt":"2018-04-18T15:12:33","slug":"srpski-klavirski-odsek","status":"publish","type":"page","link":"https:\/\/muzickasu.edu.rs\/index.php\/education\/srpski-osnovna-muzicka-skola\/srpski-klavirski-odsek\/","title":{"rendered":"Klavirski odsek"},"content":{"rendered":"<p>\u0160kolovanje na klavirskom odseku traje ukupno \u0161est godina. Klavir mogu upisati u\u010denici sa 9 godina, ali je po\u017eeljno da dete pre toga poha\u0111a i pripremni razred u \u0160koli.<\/p>\n<p>\u010casove klavira i solfe\u0111a u\u010denici imaju dva puta nedeljno. Od IV razreda uklju\u010duju se u hor osnovne muzi\u010dke \u0161kole. U poslednjem razredu imaju teoriju muziku sa jednim \u010dasom nedeljno.<\/p>\n<ul>\n<li><em>Zbog \u010dega da upi\u0161emo dete u Muzi\u010dku \u0161kolu?<\/em><\/li>\n<\/ul>\n<p>Bavljenje muzikom uti\u010de na formiranje li\u010dnosti: na stvaranje radnih navika i samodiscipline, ja\u010da volju i hrabrost, bistri ukus, pospe\u0161uje inteligenciju, uzdi\u017ee emocije, oplemenjuje du\u0161u.<\/p>\n<ul>\n<li><em>Gde nastupaju u\u010denici klavirskog odseka?<\/em><\/li>\n<\/ul>\n<p>Na\u0161i u\u010denici imaju mogu\u0107nost da poka\u017eu svoj talenat na nastupima u \u0161koli \u2013 na internim \u010dasovima svojih nastavnika, na javnim \u010dasovima odseka in a u\u010deni\u010dkim koncertima. Oni nastupaju kao solisti, a vrlo \u010desto i kao \u010dlanovi nekog kamernog ansambla ili muziciraju zajedno sa partnerom u \u010detvororu\u010dnom sastavu. Oni u\u010destvuju i u kulturnom \u017eivotu grada Subotice (otvaranja izlo\u017ebi, nastupi u Biblioteci, na festivalima itd). Tako\u0111e, nastupaju i kao \u010dlanovi hora prilikom novogodi\u0161njeg koncerta osnovne muzi\u010dke \u0161kole.<\/p>\n<ul>\n<li><em>Da li idu na takmi\u010denja?<\/em><\/li>\n<\/ul>\n<p>Da, vredniji u\u010denici ovog odseka u\u010destvuju na takmi\u010denjima koja se organizuju:<\/p>\n<ul>\n<li>u dr\u017eavi: \u201ePianissimo\u201c festival mladih pijanista (Subotica), Me\u0111unarodno takmi\u010denje &#8222;<span class=\"st\">Muzi\u010dki trenuci<\/span>&#8220; (Ba\u010dka topola), Me\u0111unarodno takmi\u010denje \u201eFantast\u201c (Be\u010dej), Takmi\u010denje mladih pijanista (Zrenjanin), Me\u0111unarodno takmi\u010denje mladih pijanista (\u0160abac), Me\u0111unarodno takmi\u010denje \u201eSlavenski\u201c (Novi Sad), Festival pijanizma (Sremska Mitrovica), Pijanisti\u010dko takmi\u010denje &#8222;Vatroslav Lisinski\u201d (Beograd), Republi\u010dko takmi\u010denje i<\/li>\n<li>u inostranstvu: Me\u0111unarodno pijanisti\u010dko takmi\u010denje &#8222;Chopin&#8220; (Budimpe\u0161ta), Me\u0111unarodno muzi\u010dko pijanisti\u010dko takmi\u010denje (Bjeljina, BiH),<\/li>\n<\/ul>\n<p>Pogledajte uspeh u\u010denika ovog odseka &#8211; <a href=\"http:\/\/muzickasu.edu.rs\/index.php\/events\/competitions\/?lang=rs\">Rezultati takmi\u010denja<\/a><\/p>\n<p><a href=\"http:\/\/muzickasu.edu.rs\/wp-content\/uploads\/2016\/04\/IMG_1939.jpg\"><img loading=\"lazy\" decoding=\"async\" class=\"alignnone size-full wp-image-2436\" src=\"http:\/\/muzickasu.edu.rs\/wp-content\/uploads\/2016\/04\/IMG_1939.jpg\" alt=\"IMG_1939\" width=\"5472\" height=\"3648\" srcset=\"https:\/\/muzickasu.edu.rs\/wp-content\/uploads\/2016\/04\/IMG_1939.jpg 5472w, https:\/\/muzickasu.edu.rs\/wp-content\/uploads\/2016\/04\/IMG_1939-300x200.jpg 300w, https:\/\/muzickasu.edu.rs\/wp-content\/uploads\/2016\/04\/IMG_1939-1024x683.jpg 1024w, https:\/\/muzickasu.edu.rs\/wp-content\/uploads\/2016\/04\/IMG_1939-225x150.jpg 225w, https:\/\/muzickasu.edu.rs\/wp-content\/uploads\/2016\/04\/IMG_1939-150x100.jpg 150w\" sizes=\"auto, (max-width: 5472px) 100vw, 5472px\" \/><\/a><\/p>\n<p>&nbsp;<\/p>","protected":false},"excerpt":{"rendered":"<p>\u0160kolovanje na klavirskom odseku traje ukupno \u0161est godina. Klavir mogu upisati u\u010denici sa 9 godina, ali je po\u017eeljno da dete pre toga poha\u0111a i pripremni razred u \u0160koli. \u010casove klavira i solfe\u0111a u\u010denici imaju dva puta nedeljno. Od IV razreda uklju\u010duju se u hor osnovne muzi\u010dke \u0161kole. U poslednjem razredu\u2026<\/p>\n<p class=\"continue-reading-button\"> <a class=\"continue-reading-link\" href=\"https:\/\/muzickasu.edu.rs\/index.php\/education\/srpski-osnovna-muzicka-skola\/srpski-klavirski-odsek\/\">Nastavite sa \u010ditanjem<i class=\"crycon-right-dir\"><\/i><\/a><\/p>\n","protected":false},"author":3,"featured_media":0,"parent":175,"menu_order":4,"comment_status":"closed","ping_status":"closed","template":"","meta":{"footnotes":""},"class_list":["post-1123","page","type-page","status-publish","hentry"],"_links":{"self":[{"href":"https:\/\/muzickasu.edu.rs\/index.php\/wp-json\/wp\/v2\/pages\/1123","targetHints":{"allow":["GET"]}}],"collection":[{"href":"https:\/\/muzickasu.edu.rs\/index.php\/wp-json\/wp\/v2\/pages"}],"about":[{"href":"https:\/\/muzickasu.edu.rs\/index.php\/wp-json\/wp\/v2\/types\/page"}],"author":[{"embeddable":true,"href":"https:\/\/muzickasu.edu.rs\/index.php\/wp-json\/wp\/v2\/users\/3"}],"replies":[{"embeddable":true,"href":"https:\/\/muzickasu.edu.rs\/index.php\/wp-json\/wp\/v2\/comments?post=1123"}],"version-history":[{"count":6,"href":"https:\/\/muzickasu.edu.rs\/index.php\/wp-json\/wp\/v2\/pages\/1123\/revisions"}],"predecessor-version":[{"id":2544,"href":"https:\/\/muzickasu.edu.rs\/index.php\/wp-json\/wp\/v2\/pages\/1123\/revisions\/2544"}],"up":[{"embeddable":true,"href":"https:\/\/muzickasu.edu.rs\/index.php\/wp-json\/wp\/v2\/pages\/175"}],"wp:attachment":[{"href":"https:\/\/muzickasu.edu.rs\/index.php\/wp-json\/wp\/v2\/media?parent=1123"}],"curies":[{"name":"wp","href":"https:\/\/api.w.org\/{rel}","templated":true}]}}