{"id":6675,"date":"2026-01-09T12:50:57","date_gmt":"2026-01-09T12:50:57","guid":{"rendered":"https:\/\/muzickasu.edu.rs\/?page_id=6675"},"modified":"2026-01-15T09:28:42","modified_gmt":"2026-01-15T09:28:42","slug":"skolska-2023-24-godina","status":"publish","type":"page","link":"http:\/\/muzickasu.edu.rs\/index.php\/events\/takmicenja\/skolska-2023-24-godina\/?lang=hu","title":{"rendered":"(Srpski) \u0160kolska 2023\/24. godina"},"content":{"rendered":"<p class=\"qtranxs-available-languages-message qtranxs-available-languages-message-hu\">A magyar nyelv\u0171 v\u00e1ltozata (m\u00e9g) k\u00e9sz\u00fcl\u0151ben.<\/p>","protected":false},"excerpt":{"rendered":"<p>A magyar nyelv\u0171 v\u00e1ltozata (m\u00e9g) k\u00e9sz\u00fcl\u0151ben.<\/p>\n<p class=\"continue-reading-button\"> <a class=\"continue-reading-link\" href=\"http:\/\/muzickasu.edu.rs\/index.php\/events\/takmicenja\/skolska-2023-24-godina\/?lang=hu\">Nastavite sa \u010ditanjem<i class=\"crycon-right-dir\"><\/i><\/a><\/p>\n","protected":false},"author":1,"featured_media":0,"parent":6719,"menu_order":0,"comment_status":"closed","ping_status":"closed","template":"","meta":{"footnotes":""},"class_list":["post-6675","page","type-page","status-publish","hentry"],"_links":{"self":[{"href":"http:\/\/muzickasu.edu.rs\/index.php\/wp-json\/wp\/v2\/pages\/6675","targetHints":{"allow":["GET"]}}],"collection":[{"href":"http:\/\/muzickasu.edu.rs\/index.php\/wp-json\/wp\/v2\/pages"}],"about":[{"href":"http:\/\/muzickasu.edu.rs\/index.php\/wp-json\/wp\/v2\/types\/page"}],"author":[{"embeddable":true,"href":"http:\/\/muzickasu.edu.rs\/index.php\/wp-json\/wp\/v2\/users\/1"}],"replies":[{"embeddable":true,"href":"http:\/\/muzickasu.edu.rs\/index.php\/wp-json\/wp\/v2\/comments?post=6675"}],"version-history":[{"count":3,"href":"http:\/\/muzickasu.edu.rs\/index.php\/wp-json\/wp\/v2\/pages\/6675\/revisions"}],"predecessor-version":[{"id":6678,"href":"http:\/\/muzickasu.edu.rs\/index.php\/wp-json\/wp\/v2\/pages\/6675\/revisions\/6678"}],"up":[{"embeddable":true,"href":"http:\/\/muzickasu.edu.rs\/index.php\/wp-json\/wp\/v2\/pages\/6719"}],"wp:attachment":[{"href":"http:\/\/muzickasu.edu.rs\/index.php\/wp-json\/wp\/v2\/media?parent=6675"}],"curies":[{"name":"wp","href":"https:\/\/api.w.org\/{rel}","templated":true}]}}