{"id":64,"date":"2015-11-19T21:02:35","date_gmt":"2015-11-19T21:02:35","guid":{"rendered":"http:\/\/localhost\/WP_muzicka\/?page_id=64"},"modified":"2023-03-21T07:47:19","modified_gmt":"2023-03-21T07:47:19","slug":"pupils-parliament","status":"publish","type":"page","link":"http:\/\/muzickasu.edu.rs\/index.php\/about-school\/school-organisation\/pupils-parliament\/","title":{"rendered":"U\u010deni\u010dki parlament"},"content":{"rendered":"<p><\/p>\n<p id=\"yui_3_16_0_ym18_1_1459406165487_5586\" class=\"yiv9422700324MsoNormal\"><span id=\"yui_3_16_0_ym18_1_1459406165487_5587\" lang=\"HR\">U\u010deni\u010dki parlament je organizovano telo u\u010denika \u0161kole,<\/span> <span id=\"yui_3_16_0_ym18_1_1459406165487_5585\">osnovano u skladu sa Zakonom o osnovama sistema obrazovanja<\/span><span lang=\"HR\">. \u00a0 \u00a0 \u00a0 \u00a0 \u00a0<\/span><\/p>\n<p id=\"yui_3_16_0_ym18_1_1459406165487_5566\" class=\"yiv9422700324MsoNormal\" style=\"text-align: justify;\"><span id=\"yui_3_16_0_ym18_1_1459406165487_5565\" lang=\"HR\">U\u010deni\u010dki parlament se formira svake \u0161kolske godine, a \u010dine ga po dva izabrana \u010dlana iz svake odeljenjske zajednice u srednjoj \u0161koli. <\/span><span id=\"yui_3_16_0_ym18_1_1459406165487_5584\" lang=\"HR\">\u010clanovi parlamenta biraju predsednika i donose program rada parlamenta, koji postaje sastavni deo godi\u0161njeg \u00a0plana rada \u0160kole. <\/span><\/p>\n<p style=\"text-align: justify;\"><span lang=\"HR\">Kao <\/span><span id=\"yui_3_16_0_ym18_1_1459406165487_5577\" lang=\"HR\">demokratski izraz udru\u017eivanja i zastupanja interesa svih u\u010denika u \u0161koli, <\/span><span lang=\"HR\">u\u010deni\u010dki parlament je <\/span><span id=\"yui_3_16_0_ym18_1_1459406165487_5578\" lang=\"HR\">reprezentativno telo u\u010denika u komunikaciji sa organima \u0161kole: <\/span><span lang=\"HR\">daje mi\u0161ljenja i predloge, <\/span><span id=\"yui_3_16_0_ym18_1_1459406165487_5571\" lang=\"HR\">pokre\u0107e akcije, organizuje manifestacije, <\/span><span lang=\"HR\">aktivno u\u010destvuje <\/span><span id=\"yui_3_16_0_ym18_1_1459406165487_5583\" lang=\"HR\">u dono\u0161enju odluka koje se neposredno ti\u010du \u017eivota i rada u\u010denika u \u0161koli.<\/span><span id=\"yiv3637581638yui_3_16_0_ym18_1_1459156148466_29726\" class=\"yiv3637581638\"><br \/>\n<\/span><\/p>\n<p><a href=\"http:\/\/muzickasu.edu.rs\/wp-content\/uploads\/2022\/10\/\u010clanovi-\u0111a\u010dkog-parlamenta.pdf\">\u010clanovi \u0111a\u010dkog parlamenta<\/a><\/p>\n<p><a href=\"http:\/\/muzickasu.edu.rs\/wp-content\/uploads\/2015\/11\/\u041f\u041e\u0421\u041b\u041e\u0412\u041d\u0418\u041a-\u041e-\u0420\u0410\u0414\u0423-\u0423\u0427\u0415\u041d\u0418\u0427\u041a\u041e\u0413-\u041f\u0410\u0420\u041b\u0410\u041c\u0415\u041d\u0422\u0410.pdf\">Poslovnik o radu U\u010deni\u010dkog parlamenta<\/a><\/p>","protected":false},"excerpt":{"rendered":"<p>U\u010deni\u010dki parlament je organizovano telo u\u010denika \u0161kole, osnovano u skladu sa Zakonom o osnovama sistema obrazovanja. \u00a0 \u00a0 \u00a0 \u00a0 \u00a0 U\u010deni\u010dki parlament se formira svake \u0161kolske godine, a \u010dine ga po dva izabrana \u010dlana iz svake odeljenjske zajednice u srednjoj \u0161koli. \u010clanovi parlamenta biraju predsednika i donose program rada\u2026<\/p>\n<p class=\"continue-reading-button\"> <a class=\"continue-reading-link\" href=\"http:\/\/muzickasu.edu.rs\/index.php\/about-school\/school-organisation\/pupils-parliament\/\">Nastavite sa \u010ditanjem<i class=\"crycon-right-dir\"><\/i><\/a><\/p>\n","protected":false},"author":1,"featured_media":0,"parent":22,"menu_order":5,"comment_status":"closed","ping_status":"closed","template":"","meta":{"footnotes":""},"class_list":["post-64","page","type-page","status-publish","hentry"],"_links":{"self":[{"href":"http:\/\/muzickasu.edu.rs\/index.php\/wp-json\/wp\/v2\/pages\/64","targetHints":{"allow":["GET"]}}],"collection":[{"href":"http:\/\/muzickasu.edu.rs\/index.php\/wp-json\/wp\/v2\/pages"}],"about":[{"href":"http:\/\/muzickasu.edu.rs\/index.php\/wp-json\/wp\/v2\/types\/page"}],"author":[{"embeddable":true,"href":"http:\/\/muzickasu.edu.rs\/index.php\/wp-json\/wp\/v2\/users\/1"}],"replies":[{"embeddable":true,"href":"http:\/\/muzickasu.edu.rs\/index.php\/wp-json\/wp\/v2\/comments?post=64"}],"version-history":[{"count":26,"href":"http:\/\/muzickasu.edu.rs\/index.php\/wp-json\/wp\/v2\/pages\/64\/revisions"}],"predecessor-version":[{"id":5250,"href":"http:\/\/muzickasu.edu.rs\/index.php\/wp-json\/wp\/v2\/pages\/64\/revisions\/5250"}],"up":[{"embeddable":true,"href":"http:\/\/muzickasu.edu.rs\/index.php\/wp-json\/wp\/v2\/pages\/22"}],"wp:attachment":[{"href":"http:\/\/muzickasu.edu.rs\/index.php\/wp-json\/wp\/v2\/media?parent=64"}],"curies":[{"name":"wp","href":"https:\/\/api.w.org\/{rel}","templated":true}]}}