{"id":46,"date":"2015-11-08T22:56:42","date_gmt":"2015-11-08T22:56:42","guid":{"rendered":"http:\/\/localhost\/WP_muzicka\/?page_id=46"},"modified":"2026-02-02T16:08:58","modified_gmt":"2026-02-02T16:08:58","slug":"concerts","status":"publish","type":"page","link":"http:\/\/muzickasu.edu.rs\/index.php\/events\/concerts\/","title":{"rendered":"Koncerti"},"content":{"rendered":"<p><\/p>\n<h5 class=\"style-scope ytd-watch-metadata\" style=\"text-align: center;\"><strong>Bo\u017ei\u0107no novogodi\u0161nji koncert Srednje Muzi\u010dke \u0161kole Subotica 2025.<\/strong><\/h5>\n<p><iframe loading=\"lazy\" title=\"YouTube video player\" src=\"https:\/\/www.youtube.com\/embed\/obMY3KVLW-Y?si=edcgpcFpYzmYbPQU\" width=\"560\" height=\"315\" frameborder=\"0\" allowfullscreen=\"allowfullscreen\"><\/iframe><\/p>\n<p style=\"text-align: center;\"><strong>Bo\u017ei\u0107no novogodi\u0161nji koncert Osnovne Muzi\u010dke \u0161kole Subotica 2025.<\/strong><br \/>\n<iframe loading=\"lazy\" title=\"YouTube video player\" src=\"https:\/\/www.youtube.com\/embed\/QXyFx0XXhCo?si=djvrb7X_0v1r3S30\" width=\"560\" height=\"315\" frameborder=\"0\" allowfullscreen=\"allowfullscreen\"><\/iframe><br \/>\np&gt;<\/p>\n<p style=\"text-align: center;\"><strong>Koncert profesora 2025.<\/strong><br \/>\n<iframe loading=\"lazy\" title=\"YouTube video player\" src=\"https:\/\/www.youtube.com\/embed\/778B-sbkBXo?si=esXfi8SEy9pNshQT\" width=\"560\" height=\"315\" frameborder=\"0\" allowfullscreen=\"allowfullscreen\"><\/iframe><\/p>\n<p style=\"text-align: center;\"><strong>157. Dan \u0161kole<\/strong><\/p>\n<p style=\"text-align: center;\"><iframe loading=\"lazy\" title=\"YouTube video player\" src=\"https:\/\/www.youtube.com\/embed\/Ppx_Y6BEsf8?si=ozoc1hgthOeuph8s\" width=\"560\" height=\"315\" frameborder=\"0\" allowfullscreen=\"allowfullscreen\"><\/iframe><\/p>\n<p>&nbsp;<\/p>\n<p style=\"text-align: center;\"><strong>Bo\u017ei\u0107no-novogodi\u0161nji koncert srednje muzi\u010dke \u0161kole<\/strong><\/p>\n<p style=\"text-align: center;\"><iframe loading=\"lazy\" title=\"YouTube video player\" src=\"https:\/\/www.youtube.com\/embed\/yAMu1773GHM?si=7dXDsbbB9skHKabt&amp;controls=0\" width=\"560\" height=\"315\" frameborder=\"0\" allowfullscreen=\"allowfullscreen\"><\/iframe><\/p>\n<p style=\"text-align: center;\"><strong>156. Dan \u0161kole<\/strong><\/p>\n<p style=\"text-align: center;\"><iframe loading=\"lazy\" title=\"YouTube video player\" src=\"https:\/\/www.youtube.com\/embed\/jsdfT1Wrf0Y?si=8ma5GetXT6cbsGRO\" width=\"560\" height=\"315\" frameborder=\"0\" allowfullscreen=\"allowfullscreen\"><\/iframe><\/p>\n<p style=\"text-align: center;\"><strong>Maturski koncert<\/strong><\/p>\n<p style=\"text-align: center;\"><iframe loading=\"lazy\" title=\"YouTube video player\" src=\"https:\/\/www.youtube.com\/embed\/tI8s3Z775JU?si=Z4QH1wFB898QIXF5\" width=\"560\" height=\"315\" frameborder=\"0\" allowfullscreen=\"allowfullscreen\"><\/iframe><\/p>\n<p style=\"text-align: center;\"><strong>Na\u0161a himna<\/strong><\/p>\n<p><iframe loading=\"lazy\" title=\"Himna Muzi\u010dke \u0161kole Subotica\" width=\"900\" height=\"506\" src=\"https:\/\/www.youtube.com\/embed\/-U05sAr4MX4?feature=oembed\" frameborder=\"0\" allow=\"accelerometer; autoplay; clipboard-write; encrypted-media; gyroscope; picture-in-picture; web-share\" referrerpolicy=\"strict-origin-when-cross-origin\" allowfullscreen><\/iframe><\/p>\n<p style=\"text-align: center;\"><strong>Ve\u010de kamerne muzike 2024<\/strong><\/p>\n<p><iframe loading=\"lazy\" title=\"Vec\u030ce kamerne muzike 2024.\" width=\"900\" height=\"506\" src=\"https:\/\/www.youtube.com\/embed\/-mO9JgoxU4g?feature=oembed\" frameborder=\"0\" allow=\"accelerometer; autoplay; clipboard-write; encrypted-media; gyroscope; picture-in-picture; web-share\" referrerpolicy=\"strict-origin-when-cross-origin\" allowfullscreen><\/iframe><\/p>\n<p style=\"text-align: center;\"><strong>Bo\u017ei\u0107no-novogodi\u0161nji koncert srednje muzi\u010dke \u0161kole<\/strong><\/p>\n<p><iframe loading=\"lazy\" title=\"YouTube video player\" src=\"https:\/\/www.youtube.com\/embed\/ttM8k9Icd4c?si=UnVUppA-vQbh6Bux\" width=\"560\" height=\"315\" frameborder=\"0\" allowfullscreen=\"allowfullscreen\"><\/iframe><\/p>\n<p style=\"text-align: center;\"><strong>Bo\u017ei\u0107no-novogodi\u0161nji koncert osnovne muzi\u010dke \u0161kole<\/strong><\/p>\n<p><iframe loading=\"lazy\" title=\"YouTube video player\" src=\"https:\/\/www.youtube.com\/embed\/0C6SqcrFpfI?si=iJX6-8--APohYDNa\" width=\"560\" height=\"315\" frameborder=\"0\" allowfullscreen=\"allowfullscreen\"><\/iframe><\/p>\n<p style=\"text-align: center;\"><strong>Koncert profesora Muzi\u010dke \u0161kole Subotica 2023<\/strong><\/p>\n<p><iframe loading=\"lazy\" title=\"YouTube video player\" src=\"https:\/\/www.youtube.com\/embed\/u6VF0RiEq54?si=s4J_8-QigpzMHjRx\" width=\"560\" height=\"315\" frameborder=\"0\" allowfullscreen=\"allowfullscreen\"><\/iframe><\/p>\n<p style=\"text-align: center;\"><strong>Obele\u017eavanje 155. godi\u0161njice rada \u0161kole<\/strong><\/p>\n<p><iframe loading=\"lazy\" title=\"155. godina Muzi\u010dke \u0161kole Subotica\" width=\"900\" height=\"506\" src=\"https:\/\/www.youtube.com\/embed\/tT63gIUOMs4?feature=oembed\" frameborder=\"0\" allow=\"accelerometer; autoplay; clipboard-write; encrypted-media; gyroscope; picture-in-picture; web-share\" referrerpolicy=\"strict-origin-when-cross-origin\" allowfullscreen><\/iframe><\/p>\n<p style=\"text-align: center;\"><strong>Bo\u017ei\u0107no-novogodi\u0161nji koncert srednje muzi\u010dke \u0161kole<\/strong><\/p>\n<p><iframe loading=\"lazy\" title=\"Bo\u017ei\u0107no-novogodi\u0161nji koncert srednje muzi\u010dke \u0161kole\" width=\"900\" height=\"506\" src=\"https:\/\/www.youtube.com\/embed\/-KlHpeJLfJg?feature=oembed\" frameborder=\"0\" allow=\"accelerometer; autoplay; clipboard-write; encrypted-media; gyroscope; picture-in-picture; web-share\" referrerpolicy=\"strict-origin-when-cross-origin\" allowfullscreen><\/iframe><\/p>\n<p style=\"text-align: center;\"><strong>Bo\u017ei\u0107no-novogodi\u0161nji koncert ni\u017ee muzi\u010dke \u0161kole<\/strong><\/p>\n<p><iframe loading=\"lazy\" title=\"Bo\u017ei\u0107no-novogodi\u0161nji koncert ni\u017ee muzi\u010dke kole\" width=\"900\" height=\"506\" src=\"https:\/\/www.youtube.com\/embed\/wscv2icqajI?feature=oembed\" frameborder=\"0\" allow=\"accelerometer; autoplay; clipboard-write; encrypted-media; gyroscope; picture-in-picture; web-share\" referrerpolicy=\"strict-origin-when-cross-origin\" allowfullscreen><\/iframe><\/p>\n<p style=\"text-align: center;\"><strong>Koncert povodom 154. dana \u0161kole<\/strong><\/p>\n<p><iframe loading=\"lazy\" title=\"Dan \u0161kole 2022.\" width=\"900\" height=\"506\" src=\"https:\/\/www.youtube.com\/embed\/hFVAEaMHaO8?start=19&#038;feature=oembed\" frameborder=\"0\" allow=\"accelerometer; autoplay; clipboard-write; encrypted-media; gyroscope; picture-in-picture; web-share\" referrerpolicy=\"strict-origin-when-cross-origin\" allowfullscreen><\/iframe><\/p>\n<p style=\"text-align: center;\"><strong>Koncert povodom 20 godina Odseka za tradicionalno pevanje<\/strong><\/p>\n<p><iframe loading=\"lazy\" title=\"Koncert povodom 20 godina odseka za tradicionalno pevanje\" width=\"900\" height=\"506\" src=\"https:\/\/www.youtube.com\/embed\/3cXCtXd6OMI?feature=oembed\" frameborder=\"0\" allow=\"accelerometer; autoplay; clipboard-write; encrypted-media; gyroscope; picture-in-picture; web-share\" referrerpolicy=\"strict-origin-when-cross-origin\" allowfullscreen><\/iframe><\/p>\n<p style=\"text-align: center;\"><strong>Koncert povodom proslave 153 godine Muzi\u010dke \u0161kole Subotica<\/strong><\/p>\n<p><iframe loading=\"lazy\" title=\"Dan \u0161kole 2021\" width=\"900\" height=\"506\" src=\"https:\/\/www.youtube.com\/embed\/4ik_rUk1oWQ?feature=oembed\" frameborder=\"0\" allow=\"accelerometer; autoplay; clipboard-write; encrypted-media; gyroscope; picture-in-picture; web-share\" referrerpolicy=\"strict-origin-when-cross-origin\" allowfullscreen><\/iframe><\/p>\n<p style=\"text-align: center;\"><strong>Koncert povodom proslave 152 godine Muzi\u010dke \u0161kole Subotica<\/strong><\/p>\n<p><iframe loading=\"lazy\" title=\"Dan \u0161kole 2020.\" width=\"900\" height=\"506\" src=\"https:\/\/www.youtube.com\/embed\/kTkFbYaN9sw?feature=oembed\" frameborder=\"0\" allow=\"accelerometer; autoplay; clipboard-write; encrypted-media; gyroscope; picture-in-picture; web-share\" referrerpolicy=\"strict-origin-when-cross-origin\" allowfullscreen><\/iframe><\/p>\n<p>&nbsp;<\/p>\n<p class=\"title style-scope ytd-video-primary-info-renderer\" style=\"text-align: center;\">*<\/p>\n<p style=\"text-align: center;\"><strong>Koncert povodom proslave 150 godina Muzi\u010dke \u0161kole Subotica<\/strong><\/p>\n<p><iframe loading=\"lazy\" title=\"Koncert povodom proslave 150 godina Muzi\u010dke \u0161kole Subotica\" width=\"900\" height=\"506\" src=\"https:\/\/www.youtube.com\/embed\/vOq3RB9MhuI?feature=oembed\" frameborder=\"0\" allow=\"accelerometer; autoplay; clipboard-write; encrypted-media; gyroscope; picture-in-picture; web-share\" referrerpolicy=\"strict-origin-when-cross-origin\" allowfullscreen><\/iframe><\/p>\n<p style=\"text-align: center;\">*<\/p>\n<p class=\"style-scope ytd-playlist-panel-renderer\" style=\"text-align: center;\"><strong>Koncert profesora 2018.<\/strong><\/p>\n<p><iframe loading=\"lazy\" title=\"Varga Attila, frula: Szatma\u0301ri dalcsokor Horpa\u0301csik Ja\u0301nos dalaibo\u0301l\" width=\"900\" height=\"506\" src=\"https:\/\/www.youtube.com\/embed\/2QeKY8BgsjA?list=PL5myWk8hT_4Jqlu94rLBwp0E85x-K97fD\" frameborder=\"0\" allow=\"accelerometer; autoplay; clipboard-write; encrypted-media; gyroscope; picture-in-picture; web-share\" referrerpolicy=\"strict-origin-when-cross-origin\" allowfullscreen><\/iframe><\/p>\n<p class=\"title style-scope ytd-video-primary-info-renderer\" style=\"text-align: center;\"><strong>\u00a0<\/strong><\/p>\n<p style=\"text-align: center;\">*<\/p>\n<p class=\"title style-scope ytd-video-primary-info-renderer\" style=\"text-align: center;\"><strong>Koncert maturanata 2018<\/strong><\/p>\n<p><iframe loading=\"lazy\" title=\"Koncert maturanata 2018 -- Maja Nim\u010devi\u0107, violin\u0430\" width=\"900\" height=\"506\" src=\"https:\/\/www.youtube.com\/embed\/M800YPxNkHU?list=PL5myWk8hT_4JJZzsEGST_KvagaO4v75sR\" frameborder=\"0\" allow=\"accelerometer; autoplay; clipboard-write; encrypted-media; gyroscope; picture-in-picture; web-share\" referrerpolicy=\"strict-origin-when-cross-origin\" allowfullscreen><\/iframe><\/p>\n<p style=\"text-align: center;\">*<\/p>\n<p class=\"title style-scope ytd-video-primary-info-renderer\" style=\"text-align: center;\"><strong>KONCERT PRVONAGRA\u00d0ENIH U\u010cENIKA MUZI\u010cKE \u0160KOLE SUBOTICA NA REPUBLI\u010cKOM TAKMI\u010cENJU<\/strong><\/p>\n<p><iframe loading=\"lazy\" title=\"KONCERT PRVONAGRA\u0110ENIH U\u010cENIKA - Iva Gabric\" width=\"900\" height=\"506\" src=\"https:\/\/www.youtube.com\/embed\/g5BJeI5mSZQ?list=PL5myWk8hT_4JBiqb2437Ejotxvigv71Ah\" frameborder=\"0\" allow=\"accelerometer; autoplay; clipboard-write; encrypted-media; gyroscope; picture-in-picture; web-share\" referrerpolicy=\"strict-origin-when-cross-origin\" allowfullscreen><\/iframe><\/p>\n<p style=\"text-align: center;\">*<\/p>\n<p style=\"text-align: center;\"><strong>Novogodi\u0161nji koncert Muzi\u010dke \u0161kole-Subotica, 22. decembar 2017. godine (Velika ve\u0107nica Gradske ku\u0107e)<\/strong><\/p>\n<p><iframe loading=\"lazy\" title=\"Novogodi\u0161nji koncert 2017 - Srednja \u0161kola\" width=\"900\" height=\"506\" src=\"https:\/\/www.youtube.com\/embed\/w2-7YF_dDaE?feature=oembed\" frameborder=\"0\" allow=\"accelerometer; autoplay; clipboard-write; encrypted-media; gyroscope; picture-in-picture; web-share\" referrerpolicy=\"strict-origin-when-cross-origin\" allowfullscreen><\/iframe><\/p>\n<p style=\"text-align: center;\">*<\/p>\n<p style=\"text-align: center;\"><strong>Novogodi\u0161nji koncert Osnovne muzi\u010dke \u0161kole, 8. decembar 2017 (Nepker)<\/strong><\/p>\n<p><iframe loading=\"lazy\" title=\"Novogodi\u0161nji koncert ni\u017ee Muzi\u010dke \u0161kole Subotica 2017\" width=\"900\" height=\"506\" src=\"https:\/\/www.youtube.com\/embed\/09hX3mvXiTk?feature=oembed\" frameborder=\"0\" allow=\"accelerometer; autoplay; clipboard-write; encrypted-media; gyroscope; picture-in-picture; web-share\" referrerpolicy=\"strict-origin-when-cross-origin\" allowfullscreen><\/iframe><\/p>\n<p style=\"text-align: center;\">*<\/p>\n<p style=\"text-align: center;\"><strong>Dan \u0161kole povodom 149. godina postojanja, 18. oktobar 2017. god<\/strong><\/p>\n<p><iframe loading=\"lazy\" title=\"F. Schubert: Misa G-dur\" width=\"900\" height=\"506\" src=\"https:\/\/www.youtube.com\/embed\/8ARU-fieXQY?feature=oembed\" frameborder=\"0\" allow=\"accelerometer; autoplay; clipboard-write; encrypted-media; gyroscope; picture-in-picture; web-share\" referrerpolicy=\"strict-origin-when-cross-origin\" allowfullscreen><\/iframe><\/p>\n<p style=\"text-align: center;\">*<\/p>\n<p style=\"text-align: center;\"><strong>Ve\u010de kamerne muzike, 1.februar 2016.<\/strong><\/p>\n<p><iframe loading=\"lazy\" title=\"Ve\u010de kamerne muzike\" width=\"900\" height=\"506\" src=\"https:\/\/www.youtube.com\/embed\/w4XZOESdA-k?feature=oembed\" frameborder=\"0\" allow=\"accelerometer; autoplay; clipboard-write; encrypted-media; gyroscope; picture-in-picture; web-share\" referrerpolicy=\"strict-origin-when-cross-origin\" allowfullscreen><\/iframe><\/p>\n<p style=\"text-align: center;\">*<\/p>\n<p style=\"text-align: center;\"><strong>Novogodi\u0161nji koncert, 23.dec.2015.<\/strong><\/p>\n<p><iframe loading=\"lazy\" title=\"Novogodi\u0161nji koncert - \u00daj\u00e9vi hangverseny\" width=\"900\" height=\"506\" src=\"https:\/\/www.youtube.com\/embed\/CDdC-BTLshQ?feature=oembed\" frameborder=\"0\" allow=\"accelerometer; autoplay; clipboard-write; encrypted-media; gyroscope; picture-in-picture; web-share\" referrerpolicy=\"strict-origin-when-cross-origin\" allowfullscreen><\/iframe><\/p>\n<p style=\"text-align: center;\">*<\/p>\n<p style=\"text-align: center;\"><strong>Sve\u010dani koncert \u0160kole &#8211; Nepker, 9. decembar 2015.<\/strong><br \/>\nhttps:\/\/www.youtube.com\/watch?v=9Po-uGgF1_o<\/p>\n<p style=\"text-align: center;\">*<\/p>\n<p style=\"text-align: center;\"><strong>Koncert povodom Dana \u0161kole Muzi\u010dke \u0161kole &#8211; Subotica, 16.10.2015.<\/strong><br \/>\nhttps:\/\/www.youtube.com\/watch?v=C2oFKL-VZ8A<\/p>\n<p style=\"text-align: center;\">*<\/p>\n<p style=\"text-align: center;\"><strong>Koncert maturanata 2014\/15. &#8211; 12.05.2015.<\/strong><\/p>\n<p><iframe loading=\"lazy\" title=\"Maturski koncert 2015.\" width=\"900\" height=\"506\" src=\"https:\/\/www.youtube.com\/embed\/nuvQ-2fIYcc?feature=oembed\" frameborder=\"0\" allow=\"accelerometer; autoplay; clipboard-write; encrypted-media; gyroscope; picture-in-picture; web-share\" referrerpolicy=\"strict-origin-when-cross-origin\" allowfullscreen><\/iframe><\/p>\n<p style=\"text-align: center;\">*<\/p>\n<p style=\"text-align: center;\"><strong>Koncert maturanata 2014\/15. &#8211; 05.05 2015.<\/strong><\/p>\n<p><iframe loading=\"lazy\" title=\"Koncert maturanata Muzi\u010dke \u0161kole u Subotici  05.05.2015.\" width=\"900\" height=\"506\" src=\"https:\/\/www.youtube.com\/embed\/o-ibsEhwYcY?feature=oembed\" frameborder=\"0\" allow=\"accelerometer; autoplay; clipboard-write; encrypted-media; gyroscope; picture-in-picture; web-share\" referrerpolicy=\"strict-origin-when-cross-origin\" allowfullscreen><\/iframe><\/p>\n<p style=\"text-align: center;\">*<\/p>\n<p style=\"text-align: center;\"><strong>Ve\u010de kamerne muzike, 11.02.2015.<\/strong><\/p>\n<p><iframe loading=\"lazy\" title=\"Ve\u010de kamerne muzike - Kamaraest\" width=\"900\" height=\"506\" src=\"https:\/\/www.youtube.com\/embed\/M_92xlkMy0Q?feature=oembed\" frameborder=\"0\" allow=\"accelerometer; autoplay; clipboard-write; encrypted-media; gyroscope; picture-in-picture; web-share\" referrerpolicy=\"strict-origin-when-cross-origin\" allowfullscreen><\/iframe><\/p>\n<p style=\"text-align: center;\">*<\/p>\n<p style=\"text-align: center;\"><strong>Novogodi\u0161nji koncert 2014.<\/strong><\/p>\n<p><iframe loading=\"lazy\" title=\"NOVOGODI\u0160NJI KONCERT\" width=\"900\" height=\"506\" src=\"https:\/\/www.youtube.com\/embed\/V6EKj_boPCg?feature=oembed\" frameborder=\"0\" allow=\"accelerometer; autoplay; clipboard-write; encrypted-media; gyroscope; picture-in-picture; web-share\" referrerpolicy=\"strict-origin-when-cross-origin\" allowfullscreen><\/iframe><\/p>\n<p style=\"text-align: center;\">*<\/p>\n<p style=\"text-align: center;\"><strong>Predaja obnovljene fasade \u0160kole, oktobar 2014.<\/strong><\/p>\n<p><iframe loading=\"lazy\" title=\"Predaja fasade Muzi\u010dke \u0160kole u Subotici\" width=\"900\" height=\"506\" src=\"https:\/\/www.youtube.com\/embed\/684fPG2Bztk?feature=oembed\" frameborder=\"0\" allow=\"accelerometer; autoplay; clipboard-write; encrypted-media; gyroscope; picture-in-picture; web-share\" referrerpolicy=\"strict-origin-when-cross-origin\" allowfullscreen><\/iframe><\/p>\n<p style=\"text-align: center;\">*<\/p>\n<p style=\"text-align: center;\"><strong>Maturski koncert 2013\/14. &#8211; 13.05.2014.<br \/>\n<\/strong><\/p>\n<p><iframe loading=\"lazy\" title=\"Maturski koncert - Muzi\u010dka \u0161kola Subotica A Szabadkai Zeneiskola \u00c9retts\u00e9gi Hangversenye 13.05.2014.\" width=\"900\" height=\"675\" src=\"https:\/\/www.youtube.com\/embed\/54zN5Pv2QDs?feature=oembed\" frameborder=\"0\" allow=\"accelerometer; autoplay; clipboard-write; encrypted-media; gyroscope; picture-in-picture; web-share\" referrerpolicy=\"strict-origin-when-cross-origin\" allowfullscreen><\/iframe><\/p>\n<p style=\"text-align: center;\">*<\/p>\n<p style=\"text-align: center;\"><strong>Koncert maturanata 2013\/14. &#8211; 12.05.2014.<\/strong><\/p>\n<p><iframe loading=\"lazy\" title=\"Maturski koncert - Muzi\u010dka \u0161kola Subotica A Szabadkai Zeneiskola \u00c9retts\u00e9gi Hangversenye 12.05.2014.\" width=\"900\" height=\"675\" src=\"https:\/\/www.youtube.com\/embed\/WcASk147k3Y?feature=oembed\" frameborder=\"0\" allow=\"accelerometer; autoplay; clipboard-write; encrypted-media; gyroscope; picture-in-picture; web-share\" referrerpolicy=\"strict-origin-when-cross-origin\" allowfullscreen><\/iframe><\/p>\n<p style=\"text-align: center;\">*<\/p>\n<p style=\"text-align: center;\"><strong>Koncert u\u010denika iz Japana, Beograda i Subotice -2014.<br \/>\n<\/strong><\/p>\n<p><iframe loading=\"lazy\" title=\"Humanitarni koncert Tako Daleko A Tako Blizu \/ T\u00e1volkeleti vend\u00e9gek - j\u00f3t\u00e9konys\u00e1gi koncert Szabadk\u00e1n\" width=\"900\" height=\"675\" src=\"https:\/\/www.youtube.com\/embed\/B5dZWiu12Wo?feature=oembed\" frameborder=\"0\" allow=\"accelerometer; autoplay; clipboard-write; encrypted-media; gyroscope; picture-in-picture; web-share\" referrerpolicy=\"strict-origin-when-cross-origin\" allowfullscreen><\/iframe><\/p>\n<p style=\"text-align: center;\">*<\/p>\n<p style=\"text-align: center;\"><strong>Ve\u010de kamerne muzike, februar 2014.<\/strong><\/p>\n<p><iframe loading=\"lazy\" title=\"Ve\u010de kamerne muzike\" width=\"900\" height=\"675\" src=\"https:\/\/www.youtube.com\/embed\/i3Y0BKHx0MY?feature=oembed\" frameborder=\"0\" allow=\"accelerometer; autoplay; clipboard-write; encrypted-media; gyroscope; picture-in-picture; web-share\" referrerpolicy=\"strict-origin-when-cross-origin\" allowfullscreen><\/iframe><\/p>\n<p>&nbsp;<\/p>\n<p style=\"text-align: center;\"><strong>*<\/strong><\/p>\n<p style=\"text-align: center;\"><strong>Dan \u0160kole, 22.oktobar 2013.<\/strong><\/p>\n<p><iframe loading=\"lazy\" title=\"145. godi\u0161njica - 145. \u00e9vfordul\u00f3\" width=\"900\" height=\"675\" src=\"https:\/\/www.youtube.com\/embed\/l_YoJ_-WjxQ?feature=oembed\" frameborder=\"0\" allow=\"accelerometer; autoplay; clipboard-write; encrypted-media; gyroscope; picture-in-picture; web-share\" referrerpolicy=\"strict-origin-when-cross-origin\" allowfullscreen><\/iframe><\/p>\n<p>&nbsp;<\/p>\n<p>&nbsp;<\/p>\n<p>https:\/\/youtu.be\/yAMu1773GHM<\/p>","protected":false},"excerpt":{"rendered":"<p>Bo\u017ei\u0107no novogodi\u0161nji koncert Srednje Muzi\u010dke \u0161kole Subotica 2025. Bo\u017ei\u0107no novogodi\u0161nji koncert Osnovne Muzi\u010dke \u0161kole Subotica 2025. p&gt; Koncert profesora 2025. 157. Dan \u0161kole &nbsp; Bo\u017ei\u0107no-novogodi\u0161nji koncert srednje muzi\u010dke \u0161kole 156. Dan \u0161kole Maturski koncert Na\u0161a himna Ve\u010de kamerne muzike 2024 Bo\u017ei\u0107no-novogodi\u0161nji koncert srednje muzi\u010dke \u0161kole Bo\u017ei\u0107no-novogodi\u0161nji koncert osnovne muzi\u010dke \u0161kole\u2026<\/p>\n<p class=\"continue-reading-button\"> <a class=\"continue-reading-link\" href=\"http:\/\/muzickasu.edu.rs\/index.php\/events\/concerts\/\">Nastavite sa \u010ditanjem<i class=\"crycon-right-dir\"><\/i><\/a><\/p>\n","protected":false},"author":1,"featured_media":0,"parent":28,"menu_order":1,"comment_status":"closed","ping_status":"closed","template":"","meta":{"footnotes":""},"class_list":["post-46","page","type-page","status-publish","hentry"],"_links":{"self":[{"href":"http:\/\/muzickasu.edu.rs\/index.php\/wp-json\/wp\/v2\/pages\/46","targetHints":{"allow":["GET"]}}],"collection":[{"href":"http:\/\/muzickasu.edu.rs\/index.php\/wp-json\/wp\/v2\/pages"}],"about":[{"href":"http:\/\/muzickasu.edu.rs\/index.php\/wp-json\/wp\/v2\/types\/page"}],"author":[{"embeddable":true,"href":"http:\/\/muzickasu.edu.rs\/index.php\/wp-json\/wp\/v2\/users\/1"}],"replies":[{"embeddable":true,"href":"http:\/\/muzickasu.edu.rs\/index.php\/wp-json\/wp\/v2\/comments?post=46"}],"version-history":[{"count":59,"href":"http:\/\/muzickasu.edu.rs\/index.php\/wp-json\/wp\/v2\/pages\/46\/revisions"}],"predecessor-version":[{"id":6732,"href":"http:\/\/muzickasu.edu.rs\/index.php\/wp-json\/wp\/v2\/pages\/46\/revisions\/6732"}],"up":[{"embeddable":true,"href":"http:\/\/muzickasu.edu.rs\/index.php\/wp-json\/wp\/v2\/pages\/28"}],"wp:attachment":[{"href":"http:\/\/muzickasu.edu.rs\/index.php\/wp-json\/wp\/v2\/media?parent=46"}],"curies":[{"name":"wp","href":"https:\/\/api.w.org\/{rel}","templated":true}]}}