{"id":38,"date":"2015-11-08T22:37:46","date_gmt":"2015-11-08T22:37:46","guid":{"rendered":"http:\/\/localhost\/WP_muzicka\/?page_id=38"},"modified":"2024-03-03T18:29:31","modified_gmt":"2024-03-03T18:29:31","slug":"by-laws","status":"publish","type":"page","link":"http:\/\/muzickasu.edu.rs\/index.php\/regulations\/by-laws\/","title":{"rendered":"Podzakonski akti"},"content":{"rendered":"<p><a href=\"http:\/\/muzickasu.edu.rs\/wp-content\/uploads\/2023\/03\/PRAVILNIK-O-UPISU-U\u010cENIKA-U-SREDNJU-\u0160KOLU-2023.pdf\">Pravilnik o upisu u\u010denika u srednju \u0161kolu 2023<\/a><\/p>\n<p><a href=\"http:\/\/muzickasu.edu.rs\/index.php\/regulations\/by-laws\/pravilnik-o-programu-nastave-i-ucenja-za-oms-od-2019-2020\/\" rel=\"attachment wp-att-3817\">Pravilnik o programu nastave i u\u010denja za OM\u0160 od 2019 2020 <\/a><\/p>\n<p><a href=\"http:\/\/muzickasu.edu.rs\/test\/wp-content\/uploads\/2015\/11\/Pravilnik_o_nastavnom_planu_i_programu_osnovnog_muzickog_obrazov_i_vasp.pdf\">Pravilnik o nastavnom planu i programu osnovnog muzi\u010dkog obrazovanja i vaspitanja<\/a><\/p>\n<p><a href=\"http:\/\/muzickasu.edu.rs\/wp-content\/uploads\/2024\/03\/\u041f\u0420\u0410\u0412\u0418\u041b\u041d\u0418\u041a-\u043e-\u043e\u0446\u0435\u045a\u0438\u0432\u0430\u045a\u0443-\u0443\u0447\u0435\u043d\u0438\u043a\u0430-\u0443-\u043e\u0441\u043d\u043e\u0432\u043d\u043e\u043c-\u043e\u0431\u0440\u0430\u0437\u043e\u0432\u0430\u045a\u0443-\u0438-\u0432\u0430\u0441\u043f\u0438\u0442\u0430\u045a\u0443-1.pdf\">Pravilnik o ocenjivanju u\u010denika u osnovnom obrazovanju i vaspitanju 2024<\/a><\/p>\n<p><a href=\"http:\/\/muzickasu.edu.rs\/test\/wp-content\/uploads\/2015\/11\/Pravilnik_o_skolskom_kalendaru_sa_osnovne_skole.pdf\">Pravilnik o \u0161kolskom kalendaru sa osnovne \u0161kole<\/a><\/p>\n<p><a href=\"http:\/\/muzickasu.edu.rs\/wp-content\/uploads\/2015\/11\/PRAVILNIK-EKSKURZIJE-OSNOVNA.pdf\">Pravilnik o organizaciji i ostvarivanju nastave u prirodi i ekskurzije u osnovnoj \u0161koli<\/a><\/p>\n<p>&nbsp;<\/p>\n<p><span style=\"color: #800000;\"><a href=\"http:\/\/muzickasu.edu.rs\/wp-content\/uploads\/2021\/03\/Pravilnik-o-planu-i-programu-nastave-i-u\u010denja-SM\u0160-2020.pdf\">Pravilnik o planu i programu nastave i u\u010denja SM\u0160 2020<\/a><\/span><\/p>\n<p><a href=\"http:\/\/muzickasu.edu.rs\/wp-content\/uploads\/2021\/03\/Dopuna-plana-SM\u0160-2020-ma\u0111arski-jezik.pdf\">Dopuna plana SM\u0160 2020 ma\u0111arski jezik<\/a><\/p>\n<p><a href=\"http:\/\/muzickasu.edu.rs\/wp-content\/uploads\/2021\/03\/Plan-SM\u0160-etno-ispravka-2020.pdf\">Plan SM\u0160 etno ispravka 2020<\/a><\/p>\n<p><a href=\"http:\/\/muzickasu.edu.rs\/wp-content\/uploads\/2021\/03\/Plan-SM\u0160-ispravka-harmonska-pratnja.pdf\">Plan SM\u0160 ispravka harmonska pratnja<\/a><\/p>\n<p><a href=\"http:\/\/muzickasu.edu.rs\/wp-content\/uploads\/2024\/03\/\u041f\u0420\u0410\u0412\u0418\u041b\u041d\u0418\u041a-\u043e-\u043e\u0446\u0435\u045a\u0438\u0432\u0430\u045a\u0443-\u0443\u0447\u0435\u043d\u0438\u043a\u0430-\u0443-\u0441\u0440\u0435\u0434\u045a\u0435\u043c-\u043e\u0431\u0440\u0430\u0437\u043e\u0432\u0430\u045a\u0443-\u0438-\u0432\u0430\u0441\u043f\u0438\u0442\u0430\u045a\u0443.pdf\">Pravilnik o ocenjivanju u\u010denika u srednjem obrazovanju i vaspitanju 2024<\/a><\/p>\n<p><a href=\"http:\/\/muzickasu.edu.rs\/test\/wp-content\/uploads\/2015\/11\/Pravilnik_o_planu_i_programu_obrazovanja_i_vaspitanja_za_zajednicke_predmete_u_strucnim_i_umetnickim_skolama.pdf\">Pravilnik o planu i programu obrazovanja i vaspitanja za zajedni\u010dke predmete u stru\u010dnim i umetni\u010dkim \u0161kolama<\/a><\/p>\n<p><a href=\"http:\/\/muzickasu.edu.rs\/test\/wp-content\/uploads\/2015\/11\/Pravilnik_o_skolskom_kalendaru_za_srednje_skole.pdf\">Pravilnik o \u0161kolskom kalendaru za srednje \u0161kole<\/a><\/p>\n<p>&nbsp;<\/p>\n<p><a href=\"http:\/\/muzickasu.edu.rs\/wp-content\/uploads\/2015\/11\/Pravilnik-o-vrednovanunju-kvaliteta-rada-ustanove.pdf\">Pravilnik o vrednovanunju kvaliteta rada ustanove<\/a><\/p>\n<p><a href=\"http:\/\/muzickasu.edu.rs\/wp-content\/uploads\/2015\/11\/PRAVILNIK-O-EKSKURZIJAMA-SREDNJA.pdf\">Pravilnik o organizaciji i ostvarivanju ekskurzije u srednjoj \u0161koli<\/a><\/p>\n<p><a href=\"http:\/\/muzickasu.edu.rs\/wp-content\/uploads\/2015\/11\/pravilnik-strucno-usavrsavanje.pdf\">Pravilnik o stalnom stru\u010dnom usavr\u0161avanju i napredovanju u zvanja nastavnika, vaspita\u010da i stru\u010dnih saradnika<\/a><\/p>\n<p><a href=\"http:\/\/muzickasu.edu.rs\/wp-content\/uploads\/2022\/11\/POSEBAN-KOLEKTIVNI-UGOVOR-2022.pdf\">POSEBAN KOLEKTIVNI UGOVOR 2022<\/a><\/p>","protected":false},"excerpt":{"rendered":"<p>Pravilnik o upisu u\u010denika u srednju \u0161kolu 2023 Pravilnik o programu nastave i u\u010denja za OM\u0160 od 2019 2020 Pravilnik o nastavnom planu i programu osnovnog muzi\u010dkog obrazovanja i vaspitanja Pravilnik o ocenjivanju u\u010denika u osnovnom obrazovanju i vaspitanju 2024 Pravilnik o \u0161kolskom kalendaru sa osnovne \u0161kole Pravilnik o organizaciji\u2026<\/p>\n<p class=\"continue-reading-button\"> <a class=\"continue-reading-link\" href=\"http:\/\/muzickasu.edu.rs\/index.php\/regulations\/by-laws\/\">Nastavite sa \u010ditanjem<i class=\"crycon-right-dir\"><\/i><\/a><\/p>\n","protected":false},"author":1,"featured_media":0,"parent":30,"menu_order":2,"comment_status":"closed","ping_status":"closed","template":"","meta":{"footnotes":""},"class_list":["post-38","page","type-page","status-publish","hentry"],"_links":{"self":[{"href":"http:\/\/muzickasu.edu.rs\/index.php\/wp-json\/wp\/v2\/pages\/38","targetHints":{"allow":["GET"]}}],"collection":[{"href":"http:\/\/muzickasu.edu.rs\/index.php\/wp-json\/wp\/v2\/pages"}],"about":[{"href":"http:\/\/muzickasu.edu.rs\/index.php\/wp-json\/wp\/v2\/types\/page"}],"author":[{"embeddable":true,"href":"http:\/\/muzickasu.edu.rs\/index.php\/wp-json\/wp\/v2\/users\/1"}],"replies":[{"embeddable":true,"href":"http:\/\/muzickasu.edu.rs\/index.php\/wp-json\/wp\/v2\/comments?post=38"}],"version-history":[{"count":16,"href":"http:\/\/muzickasu.edu.rs\/index.php\/wp-json\/wp\/v2\/pages\/38\/revisions"}],"predecessor-version":[{"id":5810,"href":"http:\/\/muzickasu.edu.rs\/index.php\/wp-json\/wp\/v2\/pages\/38\/revisions\/5810"}],"up":[{"embeddable":true,"href":"http:\/\/muzickasu.edu.rs\/index.php\/wp-json\/wp\/v2\/pages\/30"}],"wp:attachment":[{"href":"http:\/\/muzickasu.edu.rs\/index.php\/wp-json\/wp\/v2\/media?parent=38"}],"curies":[{"name":"wp","href":"https:\/\/api.w.org\/{rel}","templated":true}]}}