{"id":32,"date":"2015-11-08T22:25:16","date_gmt":"2015-11-08T22:25:16","guid":{"rendered":"http:\/\/localhost\/WP_muzicka\/?page_id=32"},"modified":"2022-12-14T11:03:13","modified_gmt":"2022-12-14T11:03:13","slug":"public-procurement","status":"publish","type":"page","link":"http:\/\/muzickasu.edu.rs\/index.php\/public-procurement\/","title":{"rendered":"Javne nabavke"},"content":{"rendered":"<p><a href=\"http:\/\/muzickasu.edu.rs\/wp-content\/uploads\/2021\/03\/Pravilnik-o-JN-unutar-narucioca-2020.pdf\">Pravilnik o JN unutar narucioca 2020<\/a><\/p>\n<p><strong>JNMV 1\/2020 NABAVKA DOBRA- ELEKTRI\u010cNA ENERGIJA<\/strong><\/p>\n<ul>\n<li><a href=\"http:\/\/muzickasu.edu.rs\/wp-content\/uploads\/2015\/11\/Konkursna_dokumentacija_2020.docx\">Konkursna_dokumentacija_2020<\/a><\/li>\n<li><a href=\"http:\/\/muzickasu.edu.rs\/wp-content\/uploads\/2015\/11\/Poziv_za_podnosenje_ponude_2020.pdf\">Poziv_za_podnosenje_ponude_2020<\/a><\/li>\n<li><a href=\"http:\/\/muzickasu.edu.rs\/wp-content\/uploads\/2015\/11\/Odluka-o-dodeli-ugovora-2020.pdf\">Odluka o dodeli ugovora 2020<\/a><\/li>\n<li><strong>Obave\u0161tenje o zaklju\u010denom ugovoru<\/strong> &#8211;\u00a0<a href=\"http:\/\/muzickasu.edu.rs\/wp-content\/uploads\/2015\/11\/Ugovor-JNMV-1-2020.pdf\">Ugovor JNMV 1-2020<\/a><\/li>\n<\/ul>\n<p><strong>JNMV 1\/2019 NABAVKA DOBRA- ELEKTRI\u010cNA ENERGIJA<\/strong><\/p>\n<ul>\n<li><a href=\"http:\/\/muzickasu.edu.rs\/wp-content\/uploads\/2015\/11\/konkursna-dokumentacija2019.docx\">Konkursna dokumentacija<\/a><\/li>\n<li><a href=\"http:\/\/muzickasu.edu.rs\/wp-content\/uploads\/2015\/11\/PozivZaPodnosenjePonude-14.pdf\">Poziv za podno\u0161enje ponude<\/a><\/li>\n<li><a href=\"http:\/\/muzickasu.edu.rs\/wp-content\/uploads\/2015\/11\/Odluka-o-dodeli-ugovora2.pdf\">Odluka o dodeli ugovora<\/a><\/li>\n<li><a href=\"http:\/\/muzickasu.edu.rs\/wp-content\/uploads\/2015\/11\/ugovor-2019.pdf\">Obave\u0161tenje o zaklju\u010denom ugovoru<\/a><\/li>\n<\/ul>\n<p><strong>JNMV 4\/2018 Javna nabavka dobara \u2013 Nabavka horske i orkestarske uniforme za u\u010denike osnovne i srednje muzi\u010dke \u0161kole<\/strong><\/p>\n<ul>\n<li><a href=\"http:\/\/muzickasu.edu.rs\/wp-content\/uploads\/2015\/11\/KONKURSNA-DOKUMENTACIJA.docx\">Konkursna dokumentacija JNMV 4\/2018 <\/a><\/li>\n<li><a href=\"http:\/\/muzickasu.edu.rs\/wp-content\/uploads\/2015\/11\/PozivZaPodnosenjePonude-13.pdf\">Poziv za dostavljenje ponuda JNMV 4\/2018<\/a><\/li>\n<li><a href=\"http:\/\/muzickasu.edu.rs\/wp-content\/uploads\/2015\/11\/Odluka-o-dodeli-ugovora-4-2018.pdf\">Odluka o dodeli ugovora 4\/2018<\/a><\/li>\n<li><a href=\"http:\/\/muzickasu.edu.rs\/wp-content\/uploads\/2015\/11\/ugovor1.pdf\">Obave\u0161tenje o zaklju\u010denom ugovoru<\/a><\/li>\n<\/ul>\n<p><strong>JNMV 3\/2018 Radovi \u2013 molovanje dvori\u0161ne fasade: atrijumska fasada, suvi prolaz, stepeni\u0161te unutra\u0161nje, farbanje vanjske stolarije, JNMV br. 3\/2018\u201c<\/strong><\/p>\n<ul>\n<li><a href=\"http:\/\/muzickasu.edu.rs\/wp-content\/uploads\/2015\/11\/PozivZaPodnosenjePonude-12.pdf\">Poziv za dostavljenje ponuda JNMV 3\/2018<\/a><\/li>\n<li><a href=\"http:\/\/muzickasu.edu.rs\/wp-content\/uploads\/2015\/11\/konkursna-dokumentacija-3-2018.docx\">Konkursna dokumentacija JNMV 3\/2018<\/a><\/li>\n<li><a href=\"http:\/\/muzickasu.edu.rs\/wp-content\/uploads\/2015\/11\/ObavestenjeOZakljucenomUgovoru1.pdf\">Obave\u0161tenje o zaklju\u010denom ugovoru<\/a><\/li>\n<li><a href=\"http:\/\/muzickasu.edu.rs\/wp-content\/uploads\/2015\/11\/Odluka-o-dodeli-ugovora1.pdf\">Odluka o dodeli ugovora 3\/2018<\/a><\/li>\n<\/ul>\n<p><strong>JNMV 2\/2018 Rekonstrukcija i pro\u0161irenje postoje\u0107eg sanitarnog \u010dvora u prizemlju \u0161kole i na I spratu \u0161kole<\/strong><\/p>\n<ul>\n<li><a href=\"http:\/\/muzickasu.edu.rs\/wp-content\/uploads\/2015\/11\/konkursna-dokumentacija20181.docx\">Konkursna dokumentacija<\/a><\/li>\n<li><a href=\"http:\/\/muzickasu.edu.rs\/wp-content\/uploads\/2015\/11\/odluka-o-pokretanju.docx\">Odluka o pokretanju<\/a><\/li>\n<li><a href=\"http:\/\/muzickasu.edu.rs\/wp-content\/uploads\/2015\/11\/PozivZaPodnosenjePonude-11.pdf\">Poziv Za Podnosenje Ponude<\/a><\/li>\n<li><a href=\"http:\/\/muzickasu.edu.rs\/wp-content\/uploads\/2015\/11\/Odluka-o-dodeli-ugovora-2-2018.pdf\">Odluka o dodeli ugovora<\/a><\/li>\n<li><a href=\"http:\/\/muzickasu.edu.rs\/wp-content\/uploads\/2015\/11\/ugovor-jnmv-2-2018.pdf\">OBAVE\u0160TENJE O ZAKLJU\u010cENOM UGOVORU<\/a><\/li>\n<\/ul>\n<p><strong>JNMV 1\/2018 NABAVKA DOBRA- ELEKTRI\u010cNA ENERGIJA<\/strong><\/p>\n<ul>\n<li><a href=\"http:\/\/muzickasu.edu.rs\/wp-content\/uploads\/2015\/11\/konkursna-dokumentacija2018.docx\">Konkursna dokumentacija<\/a><\/li>\n<li><a href=\"http:\/\/muzickasu.edu.rs\/wp-content\/uploads\/2015\/11\/PozivZaPodnosenjePonude-1.pdf\">Poziv za podno\u0161enje ponude<\/a><\/li>\n<li><a href=\"http:\/\/muzickasu.edu.rs\/wp-content\/uploads\/2015\/11\/Odluka-o-dodeli-ugovora-JNMV118.pdf\">Odluka o dodeli ugovora<\/a><\/li>\n<\/ul>\n<p><strong>JNMV 2\/2017 nabavke radova- adaptacija vodovodnih i kanalizacionih instalacija i platoa u atrijumu objekta<br \/>\n<\/strong><\/p>\n<ul>\n<li><a href=\"http:\/\/muzickasu.edu.rs\/wp-content\/uploads\/2015\/11\/konkursna-dokumentacija20172.docx\">KONKURSNA DOKUMENTACIJA<\/a><\/li>\n<li><a href=\"http:\/\/muzickasu.edu.rs\/wp-content\/uploads\/2015\/11\/PozivZaPodnosenjePonudeIspunjen2.pdf\">POZIV ZA DOSTAVLJANJE PONUDA<\/a><\/li>\n<li><a href=\"http:\/\/muzickasu.edu.rs\/wp-content\/uploads\/2015\/11\/Odluka-o-dodeli-ugovora.pdf\">Odluka o dodeli ugovora<\/a><\/li>\n<li><a href=\"http:\/\/muzickasu.edu.rs\/wp-content\/uploads\/2015\/11\/ObavestenjeOZakljucenomUgovoru.pdf\">Obave\u0161tenje o zaklju\u010denom ugovoru<\/a><\/li>\n<\/ul>\n<p><strong>JNMV 2\/17 nabavke radova- adaptacija vodovodnih i kanalizacionih instalacija i platoa u atrijumu objekta<\/strong><\/p>\n<ul>\n<li><a href=\"http:\/\/muzickasu.edu.rs\/wp-content\/uploads\/2015\/11\/konkursna-dokumentacija20171.docx\">Konkursna dokumentacija<\/a><\/li>\n<li><a href=\"http:\/\/muzickasu.edu.rs\/wp-content\/uploads\/2015\/11\/PozivZaPodnosenjePonudeIspunjen1.pdf\">Poziv za podno\u0161enje ponude<\/a><\/li>\n<li><a href=\"http:\/\/muzickasu.edu.rs\/wp-content\/uploads\/2015\/11\/Odluka-o-obustavljanju-postupka.pdf\">Odluka o obustavljanju postupka<\/a><\/li>\n<\/ul>\n<p><strong>JNMV 1\/17 NABAVKA DOBRA- ELEKTRI\u010cNA ENERGIJA<\/strong><\/p>\n<ul>\n<li><a href=\"http:\/\/muzickasu.edu.rs\/wp-content\/uploads\/2015\/11\/poziv-za-ponudu-el-energija-2017.doc\">Poziv za ponudu el energija 2017<\/a><\/li>\n<li><a href=\"http:\/\/muzickasu.edu.rs\/wp-content\/uploads\/2015\/11\/konkursna-dokumentacija2017.docx\">Konkursna dokumentacija 2017<\/a><\/li>\n<li><a href=\"http:\/\/muzickasu.edu.rs\/wp-content\/uploads\/2015\/11\/Odluka.pdf\">Odluka o dodeli ugovora 2017<\/a><\/li>\n<li><a href=\"http:\/\/muzickasu.edu.rs\/wp-content\/uploads\/2015\/11\/ugovor.pdf\">Obave\u0161tenje o zaklju\u010denom ugovoru<\/a><\/li>\n<\/ul>\n<p><strong>JNMV 1\/2016 NABAVKA DOBRA &#8211; ELEKTRI\u010cNA ENERGIJA<\/strong><br \/>\n<a href=\"http:\/\/muzickasu.edu.rs\/wp-content\/uploads\/2016\/01\/poziv_za_ponudu_el_energija_2016.doc\">Poziv za ponudu el. energija 2016<\/a><br \/>\n<a href=\"http:\/\/muzickasu.edu.rs\/wp-content\/uploads\/2016\/01\/konkursna_dokumentacija2016.docx\">Konkursna dokumentacija 2016<\/a><br \/>\n<a href=\"http:\/\/muzickasu.edu.rs\/wp-content\/uploads\/2016\/02\/Odluka_o_dodeli_ugovora.pdf\">Odluka o dodeli ugovora<\/a><br \/>\n<a href=\"http:\/\/muzickasu.edu.rs\/wp-content\/uploads\/2016\/02\/Obavestenje_o_zakljucenom_ugovoru.pdf\">Obave\u0161tenje o zaklju\u010denom ugovoru<\/a><\/p>\n<p><strong>Javna nabavka male vrednosti 1\/2015, nabavka dobra &#8211; elektri\u010dna energija.<\/strong><br \/>\n<a href=\"http:\/\/muzickasu.edu.rs\/test\/wp-content\/uploads\/2015\/11\/konkursna_dokumentacija.docx\">Konkursna dokumentacija<\/a><br \/>\n<a href=\"http:\/\/muzickasu.edu.rs\/test\/wp-content\/uploads\/2015\/11\/poziv_za_ponudu_el_energija_2015.doc\">Poziv za ponudu el. energije 2015<\/a><\/p>\n<p><strong>Javna nabavka male vrednosti 2\/14<\/strong><br \/>\n<a href=\"http:\/\/muzickasu.edu.rs\/test\/wp-content\/uploads\/2015\/11\/Konkursna_dokumentacija.doc\">Konkursna dokumentacija<\/a><br \/>\n<a href=\"http:\/\/muzickasu.edu.rs\/test\/wp-content\/uploads\/2015\/11\/Poziv_za_podnosenje_ponuda.doc\">Poziv za podno\u0161enje ponuda<\/a><br \/>\n<a href=\"http:\/\/muzickasu.edu.rs\/test\/wp-content\/uploads\/2015\/11\/Odluka_o_pokretanju.docx\">Odluka o pokretanju<\/a><\/p>","protected":false},"excerpt":{"rendered":"<p>Pravilnik o JN unutar narucioca 2020 JNMV 1\/2020 NABAVKA DOBRA- ELEKTRI\u010cNA ENERGIJA Konkursna_dokumentacija_2020 Poziv_za_podnosenje_ponude_2020 Odluka o dodeli ugovora 2020 Obave\u0161tenje o zaklju\u010denom ugovoru &#8211;\u00a0Ugovor JNMV 1-2020 JNMV 1\/2019 NABAVKA DOBRA- ELEKTRI\u010cNA ENERGIJA Konkursna dokumentacija Poziv za podno\u0161enje ponude Odluka o dodeli ugovora Obave\u0161tenje o zaklju\u010denom ugovoru JNMV 4\/2018 Javna nabavka\u2026<\/p>\n<p class=\"continue-reading-button\"> <a class=\"continue-reading-link\" href=\"http:\/\/muzickasu.edu.rs\/index.php\/public-procurement\/\">Nastavite sa \u010ditanjem<i class=\"crycon-right-dir\"><\/i><\/a><\/p>\n","protected":false},"author":1,"featured_media":0,"parent":0,"menu_order":8,"comment_status":"closed","ping_status":"closed","template":"","meta":{"footnotes":""},"class_list":["post-32","page","type-page","status-publish","hentry"],"_links":{"self":[{"href":"http:\/\/muzickasu.edu.rs\/index.php\/wp-json\/wp\/v2\/pages\/32","targetHints":{"allow":["GET"]}}],"collection":[{"href":"http:\/\/muzickasu.edu.rs\/index.php\/wp-json\/wp\/v2\/pages"}],"about":[{"href":"http:\/\/muzickasu.edu.rs\/index.php\/wp-json\/wp\/v2\/types\/page"}],"author":[{"embeddable":true,"href":"http:\/\/muzickasu.edu.rs\/index.php\/wp-json\/wp\/v2\/users\/1"}],"replies":[{"embeddable":true,"href":"http:\/\/muzickasu.edu.rs\/index.php\/wp-json\/wp\/v2\/comments?post=32"}],"version-history":[{"count":45,"href":"http:\/\/muzickasu.edu.rs\/index.php\/wp-json\/wp\/v2\/pages\/32\/revisions"}],"predecessor-version":[{"id":5027,"href":"http:\/\/muzickasu.edu.rs\/index.php\/wp-json\/wp\/v2\/pages\/32\/revisions\/5027"}],"wp:attachment":[{"href":"http:\/\/muzickasu.edu.rs\/index.php\/wp-json\/wp\/v2\/media?parent=32"}],"curies":[{"name":"wp","href":"https:\/\/api.w.org\/{rel}","templated":true}]}}