{"id":276,"date":"2015-12-16T21:39:51","date_gmt":"2015-12-16T21:39:51","guid":{"rendered":"http:\/\/muzickasu.edu.rs\/test\/?page_id=276"},"modified":"2022-09-19T09:15:06","modified_gmt":"2022-09-19T09:15:06","slug":"pedagogical-staff","status":"publish","type":"page","link":"http:\/\/muzickasu.edu.rs\/index.php\/about-school\/school-organisation\/professional-bodies\/pedagogical-staff\/","title":{"rendered":"Pedago\u0161ki kolegijum"},"content":{"rendered":"<p>Pedago\u0161ki kolegijum \u010dine direktor, pomo\u0107nici direktora, stru\u010dni saradnici i rukovodioci stru\u010dnih ve\u0107a za oblast predmeta.<\/p>\n<p><a href=\"http:\/\/muzickasu.edu.rs\/wp-content\/uploads\/2022\/09\/Screenshot_17.png\"><img loading=\"lazy\" decoding=\"async\" class=\"alignnone size-full wp-image-4879\" src=\"http:\/\/muzickasu.edu.rs\/wp-content\/uploads\/2022\/09\/Screenshot_17.png\" alt=\"\" width=\"512\" height=\"457\" srcset=\"http:\/\/muzickasu.edu.rs\/wp-content\/uploads\/2022\/09\/Screenshot_17.png 512w, http:\/\/muzickasu.edu.rs\/wp-content\/uploads\/2022\/09\/Screenshot_17-300x268.png 300w, http:\/\/muzickasu.edu.rs\/wp-content\/uploads\/2022\/09\/Screenshot_17-150x134.png 150w\" sizes=\"auto, (max-width: 512px) 100vw, 512px\" \/><\/a><\/p>","protected":false},"excerpt":{"rendered":"<p>Pedago\u0161ki kolegijum \u010dine direktor, pomo\u0107nici direktora, stru\u010dni saradnici i rukovodioci stru\u010dnih ve\u0107a za oblast predmeta.<\/p>\n<p class=\"continue-reading-button\"> <a class=\"continue-reading-link\" href=\"http:\/\/muzickasu.edu.rs\/index.php\/about-school\/school-organisation\/professional-bodies\/pedagogical-staff\/\">Nastavite sa \u010ditanjem<i class=\"crycon-right-dir\"><\/i><\/a><\/p>\n","protected":false},"author":1,"featured_media":0,"parent":60,"menu_order":1,"comment_status":"closed","ping_status":"closed","template":"","meta":{"footnotes":""},"class_list":["post-276","page","type-page","status-publish","hentry"],"_links":{"self":[{"href":"http:\/\/muzickasu.edu.rs\/index.php\/wp-json\/wp\/v2\/pages\/276","targetHints":{"allow":["GET"]}}],"collection":[{"href":"http:\/\/muzickasu.edu.rs\/index.php\/wp-json\/wp\/v2\/pages"}],"about":[{"href":"http:\/\/muzickasu.edu.rs\/index.php\/wp-json\/wp\/v2\/types\/page"}],"author":[{"embeddable":true,"href":"http:\/\/muzickasu.edu.rs\/index.php\/wp-json\/wp\/v2\/users\/1"}],"replies":[{"embeddable":true,"href":"http:\/\/muzickasu.edu.rs\/index.php\/wp-json\/wp\/v2\/comments?post=276"}],"version-history":[{"count":6,"href":"http:\/\/muzickasu.edu.rs\/index.php\/wp-json\/wp\/v2\/pages\/276\/revisions"}],"predecessor-version":[{"id":4880,"href":"http:\/\/muzickasu.edu.rs\/index.php\/wp-json\/wp\/v2\/pages\/276\/revisions\/4880"}],"up":[{"embeddable":true,"href":"http:\/\/muzickasu.edu.rs\/index.php\/wp-json\/wp\/v2\/pages\/60"}],"wp:attachment":[{"href":"http:\/\/muzickasu.edu.rs\/index.php\/wp-json\/wp\/v2\/media?parent=276"}],"curies":[{"name":"wp","href":"https:\/\/api.w.org\/{rel}","templated":true}]}}